y 643?
602
Calculate the remainder when 211528 is divided by 211466.
62
What is the remainder when 11746993 is divided by 419?
328
Calculate the remainder when 229892 is divided by 5878.
650
Calculate the remainder when 143643 is divided by 10257.
45
What is the remainder when 177641 is divided by 2064?
137
What is the remainder when 282390 is divided by 70547?
202
What is the remainder when 688727 is divided by 3506?
1551
What is the remainder when 573690 is divided by 15934?
66
Calculate the remainder when 297678 is divided by 449.
440
Calculate the remainder when 14601968 is divided by 7300981.
6
What is the remainder when 83896 is divided by 3103?
115
What is the remainder when 262607 is divided by 254?
225
What is the remainder when 4412464 is divided by 4?
0
Calculate the remainder when 117627 is divided by 15779.
7174
What is the remainder when 27613505 is divided by 1861?
1848
What is the remainder when 85100 is divided by 1215?
50
Calculate the remainder when 793341 is divided by 7.
3
Calculate the remainder when 16039 is divided by 1999.
47
What is the remainder when 1249234 is divided by 4594?
4260
Calculate the remainder when 1583877 is divided by 316773.
12
What is the remainder when 1405518 is divided by 1795?
33
What is the remainder when 6430748 is divided by 432?
428
Calculate the remainder when 67638149 is divided by 10.
9
What is the remainder when 3938255 is divided by 44752?
79
What is the remainder when 277028 is divided by 13054?
2894
Calculate the remainder when 158609 is divided by 79250.
109
What is the remainder when 5815479 is divided by 325?
254
Calculate the remainder when 585560 is divided by 195090.
290
Calculate the remainder when 9100905 is divided by 146788.
49
Calculate the remainder when 29967076 is divided by 9988976.
148
Calculate the remainder when 6286 is divided by 5841.
445
Calculate the remainder when 1070838 is divided by 65.
28
Calculate the remainder when 46999 is divided by 1205.
4
What is the remainder when 2132645 is divided by 911?
905
What is the remainder when 688374 is divided by 200?
174
Calculate the remainder when 2211065 is divided by 13906.
11
What is the remainder when 2655292 is divided by 778?
756
Calculate the remainder when 1098817 is divided by 798.
769
What is the remainder when 9358 is divided by 3072?
142
What is the remainder when 42892 is divided by 10402?
1284
Calculate the remainder when 54510 is divided by 18.
6
Calculate the remainder when 119250 is divided by 362.
152
Calculate the remainder when 34836 is divided by 334.
100
Calculate the remainder when 83193748 is divided by 4590.
4588
What is the remainder when 26543080 is divided by 80?
40
Calculate the remainder when 1534671 is divided by 15344.
271
Calculate the remainder when 26204 is divided by 252.
248
What is the remainder when 4069330 is divided by 2622?
2608
Calculate the remainder when 52058721 is divided by 931.
925
What is the remainder when 3740923 is divided by 748167?
88
What is the remainder when 1289 is divided by 360?
209
What is the remainder when 4478451 is divided by 1768?
107
What is the remainder when 1023095 is divided by 9?
2
What is the remainder when 1137238702 is divided by 267?
262
What is the remainder when 234050 is divided by 57147?
5462
Calculate the remainder when 17245626 is divided by 8.
2
What is the remainder when 26977 is divided by 1289?
1197
What is the remainder when 226242 is divided by 125?
117
Calculate the remainder when 200263 is divided by 59.
17
Calculate the remainder when 307340550 is divided by 13.
10
What is the remainder when 808059 is divided by 1812?
1719
Calculate the remainder when 14122300 is divided by 1266.
70
What is the remainder when 1734354 is divided by 5?
4
What is the remainder when 11187273 is divided by 334?
277
What is the remainder when 38115 is divided by 390?
285
Calculate the remainder when 918867 is divided by 153111.
201
Calculate the remainder when 8033691 is divided by 4016779.
133
What is the remainder when 130570 is divided by 42182?
4024
Calculate the remainder when 4357220 is divided by 1089303.
8
What is the remainder when 1260306 is divided by 377?
372
Calculate the remainder when 75266 is divided by 73843.
1423
What is the remainder when 7271408 is divided by 28?
4
Calculate the remainder when 470768 is divided by 172.
4
What is the remainder when 7265115 is divided by 554?
513
What is the remainder when 302373 is divided by 100568?
669
What is the remainder when 2889983 is divided by 8257?
33
What is the remainder when 822530 is divided by 411252?
26
Calculate the remainder when 68926337 is divided by 39.
38
What is the remainder when 3508062 is divided by 8?
6
What is the remainder when 44639 is divided by 12464?
7247
What is the remainder when 102214 is divided by 25537?
66
What is the remainder when 342811 is divided by 1688?
147
What is the remainder when 356515 is divided by 71284?
95
Calculate the remainder when 1096312 is divided by 548154.
4
What is the remainder when 712044 is divided by 7209?
5562
Calculate the remainder when 2250817 is divided by 20095.
177
What is the remainder when 17024385 is divided by 515889?
48
What is the remainder when 508729 is divided by 33392?
7849
Calculate the remainder when 40259 is divided by 11.
10
What is the remainder when 3626302 is divided by 2112?
2110
Calculate the remainder when 19606240 is divided by 4901558.
8
Calculate the remainder when 7400830 is divided by 729.
22
What is the remainder when 4346808 is divided by 145?
143
What is the remainder when 239305388 is divided by 15953692?
8
Calculate the remainder when 28376654 is divided by 147795.
14
What is the remainder when 751860 is divided by 16343?
82
Calculate the remainder when 8748119 is divided by 2916035.
14
What is the remainder when 10411065 is divided by 5892?
5793
Calculate the remainder when 8675109 is divided by 127.
120
Calculate the remainder when 3431578 is divided by 3026.
94
Calculate the remainder when 566884 is divided by 2025.
1909
Calculate the remainder when 75614 is divided by 10774.
196
Calculate the remainder when 22867978 is divided by 30.
28
Calculate the remainder when 4253241 is divided by 1590.
1581
Calculate the remainder when 54608063 is divided by 1982.
1981
Calculate the remainder when 29706 is divided by 1279.
289
Calculate the remainder when 194754 is divided by 8141.
7511
What is the remainder when 6551539 is divided by 1573?
1567
What is the remainder when 27530908 is divided by 330?
328
What is the remainder when 177034 is divided by 2946?
274
Calculate the remainder when 1677332 is divided by 32224.
1684
Calculate the remainder when 26593 is divided by 26422.
171
What is the remainder when 19872873 is divided by 12?
9
Calculate the remainder when 13210219 is divided by 169.
165
Calculate the remainder when 1061789 is divided by 1189.
12
Calculate the remainder when 1565653 is divided by 553.
110
Calculate the remainder when 83664035 is divided by 4403370.
5
What is the remainder when 16979277 is divided by 2235?
2217
What is the remainder when 11137972 is divided by 696119?
68
Calculate the remainder when 1829674 is divided by 184.
162
Calculate the remainder when 1292234 is divided by 5432.
4850
What is the remainder when 403018 is divided by 402886?
132
What is the remainder when 30960 is divided by 1450?
510
What is the remainder when 194460 is divided by 5480?
2660
Calculate the remainder when 1606193 is divided by 802737.
719
What is the remainder when 104095611 is divided by 126?
81
Calculate the remainder when 1581126 is divided by 1464.
6
Calculate the remainder when 182168 is divided by 920.
8
What is the remainder when 19350496 is divided by 106?
90
What is the remainder when 115274507 is divided by 12996?
12983
Calculate the remainder when 262419 is divided by 131132.
155
Calculate the remainder when 8089114 is divided by 274.
86
What is the remainder when 531356 is divided by 265611?
134
Calculate the remainder when 163336536 is divided by 349.
348
What is the remainder when 4783297 is divided by 6180?
6157
What is the remainder when 286511 is divided by 1735?
236
Calculate the remainder when 2787507 is divided by 557495.
32
Calculate the remainder when 289242 is divided 